, 3, 227
Suppose -2 = 5*l + 23. Let x(s) = -2*s**2 - 3*s + 4. Let u(f) = 2*f**2 + 3*f - 4. Let z(v) = l*u(v) - 6*x(v). List the prime factors of z(5).
61
Suppose -3*s + 3*f = s + 12, 3*f = -2*s + 12. Suppose 5*x - 3*k - k = 2287, s = -2*x + 4*k + 910. What are the prime factors of x?
3, 17
Let q(t) = 2565*t - 1029. What are the prime factors of q(7)?
2, 3, 7, 13, 31
Suppose -56*f - 198 = -57*f. Let n = f + 80. List the prime factors of n.
2, 139
Let q = 398 - 496. List the prime factors of (1 - (-1 + -2862))*(-49)/q.
2, 179
Let o(q) be the third derivative of -q**5/60 - 17*q**4/24 - 14*q**3/3 - 6*q**2. Let g be o(-14). Let h(k) = -k + 45. What are the prime factors of h(g)?
31
Suppose -4*p - b = 2926, -5*b + 2*b + 3649 = -5*p. Let x = -522 - p. List the prime factors of x.
11, 19
Let b = -12775 + 21192. List the prime factors of b.
19, 443
Let a(v) = v**3 - 85*v**2 + 79*v - 283. List the prime factors of a(85).
2, 3, 67
Suppose 74*c - 103473 = 127. List the prime factors of c.
2, 5, 7
Let n(i) = 73*i + 2891. What are the prime factors of n(10)?
3, 17, 71
Let a = 65 + 10. Let i = 59 - a. List the prime factors of 4/(-22) - i*(-91)/(-22).
2, 3, 11
Let u be (105/10 - 12)/(1/(-2)). Suppose 4*l - 3791 = f, l = -0*l + u*f + 945. What are the prime factors of l?
2, 3, 79
What are the prime factors of 30150036/(-2565)*(-1)/(2/5 - 0)?
2, 7, 2099
List the prime factors of 12/11 - 1079670/(-2805).
2, 193
List the prime factors of -1*(-10)/20 + 49214/4.
2, 769
Suppose 2*v - 95 - 81 = -2*a, 446 = 5*a - v. Let q = 86 - a. List the prime factors of ((-4)/q)/(58/3045).
2, 5, 7
Let g be 10298/95 - (-2)/(-5). Let s = 112 - g. Suppose 5*q + 2*c - 587 = 0, -4*c = -s*q - c + 465. What are the prime factors of q?
3, 13
Let x(g) = -g**2 - 11*g - 28. Let z be x(-5). Suppose -2*i + 2*q - 30 = 0, -3*q + 0*q + 30 = -z*i. Let d(p) = -8*p + 4. List the prime factors of d(i).
2, 31
Let n(k) = k**3 - 6*k**2 + 10*k - 3. Let w be n(4). Let g = -42 + w. Let z = g - -86. List the prime factors of z.
7
Let l(g) = 393*g**2 + 2*g - 2. List the prime factors of l(1).
3, 131
Let i = -25241 + 48608. List the prime factors of i.
3, 7789
Let o = 98 - 87. Suppose -20 = 5*m, -5*y - 4*m + 8 = -o. List the prime factors of y.
7
Suppose 0*u + 2*u = -7444 + 29170. List the prime factors of u.
3, 17, 71
Let m(g) = -3*g**2 - 25*g - 34. Let y be m(-10). List the prime factors of (y/18 + 5)*822.
2, 137
Let g = 156 + 954. Suppose g = 4*r - 2*x, -5*r + 4*x = -r - 1108. What are the prime factors of r?
2, 139
Let j = 5396 - 4349. What are the prime factors of j?
3, 349
Suppose -t + 376*r - 378*r + 8046 = 0, 5*t = 3*r + 40230. What are the prime factors of t?
2, 3, 149
Let i = -11129 - -20111. What are the prime factors of i?
2, 3, 499
Let m = 167 + -154. Let x(o) be the first derivative of o**4/4 - 13*o**3/3 + 17*o - 2. What are the prime factors of x(m)?
17
Let u(c) = 46*c**2 + 328*c - 65. What are the prime factors of u(-16)?
23, 281
Suppose 5*y - 4*z = 119909, -10*z = -3*y - 15*z + 71901. List the prime factors of y.
23977
Let x = -38 + 47. Let u be ((-6)/x + 4/15)*-5. Let h = u + 74. List the prime factors of h.
2, 19
Suppose -4636 = -11*c + 132985. Suppose -3862 = 9*v - c. What are the prime factors of v?
31
Let c be 6*(-2)/4*-1. Suppose -50*d = 206*d - 30*d - 25764. List the prime factors of d/c*-1*(-1 - 0).
2, 19
Suppose -7*q + 4*c + 173887 = -0*c, 5*c = q - 24810. List the prime factors of q.
5, 4969
Let t = -24386 + 39326. List the prime factors of t.
2, 3, 5, 83
Let t be (-1068)/10*(-120)/36. Suppose c - 356 = 4*x, 0 = 2*c - 3*c - x + t. What are the prime factors of c?
2, 89
Let l(z) = 19*z**2 + 39*z + 11. What are the prime factors of l(-2)?
3
Suppose 7*a = 6 + 22. Suppose -2*g - 4*s + 206 = 0, 5*g - a*g - 123 = 2*s. Let k = 17 + g. What are the prime factors of k?
2, 5, 13
Let l(r) = -r**3 - r**2 - r. Suppose -2*s = -3*s. Let b be l(s). Suppose -y = 5, 5*y + b*y = q - 71. List the prime factors of q.
2, 23
Let b = -91 + 85. Let k be 6 - ((-4)/b)/(8/12). Suppose -5*h = -3*h, 9 = 3*l + k*h. What are the prime factors of l?
3
Let s = -12 - -18. Let q be 39/(3 + (-176)/60). Suppose s*u - u = q. List the prime factors of u.
3, 13
Let w(o) = 2*o**2 - 22*o + 15. Let c be w(12). Let r = 391 - c. What are the prime factors of r?
2, 11
Let v(b) = 91*b - 54. Let a be v(10). Suppose -a + 164 = -2*w. List the prime factors of w.
2, 173
Let h = -204 - 152. Let i = 558 + h. List the prime factors of i.
2, 101
Let a = -2134 + 64614. What are the prime factors of a?
2, 5, 11, 71
Suppose 26*k = 751966 - 18818. List the prime factors of k.
2, 23, 613
Suppose -5*b - 132 = -209*p + 205*p, 85 = 3*p - 2*b. Let j be (-252)/(-3) + (-2)/2. Suppose -i + j + p = 0. What are the prime factors of i?
2, 53
Let t = 9670 - -3595. List the prime factors of t.
5, 7, 379
Let j(l) = -3*l + 52. Let v be j(18). Let p be (-19 - v)/(3/(3 + -48)). Suppose -5*k = -8*k + p. List the prime factors of k.
5, 17
Suppose 3*w + 47 - 29 = 0, 24350 = q - 4*w. List the prime factors of q.
2, 12163
Suppose 6*r - 96 = -10*r. Suppose 0 = -t + y + 186, -4*t = 9*y - r*y - 723. What are the prime factors of t?
3, 61
Suppose -10817 = -12*p - 593. Let a = 921 - p. What are the prime factors of a?
3, 23
Suppose i - 6 = x, 10*i + 3*x = 8*i + 7. Suppose -8*q - i*q + 9425 = 0. What are the prime factors of q?
5, 29
Suppose -2*y - 2*z + 50 = 0, 0 = y - 8*z + 3*z - 37. Suppose 21*x + 3252 = y*x. What are the prime factors of x?
2, 271
Let x be (-1)/4 + 69*(-2)/24. List the prime factors of (-8)/(x + (-5424)/(-906)).
2, 151
Let l = 684 - 681. Suppose 4*i + l*n - 5859 = 0, -6*i + 1460 = -5*i - 4*n. What are the prime factors of i?
2, 3, 61
Suppose 809576 = 65*q - 21709. What are the prime factors of q?
3, 7, 29
Let q = 191 - 21. Suppose -2*d + q = -k + 65, 0 = -k + 1. Suppose 133 = 2*m - d. List the prime factors of m.
3, 31
Let r = 12280 - 4028. List the prime factors of r.
2, 2063
Suppose 3*q - 2*p + 1302 = -q, -4*q - 1301 = -p. List the prime factors of q/(-10)*(-3 - 33)/(-6).
3, 5, 13
Let m be 21/3 + -3 + -4. Suppose m = 2*d + 2*d - 400. List the prime factors of d*-1*2/(-4).
2, 5
Suppose -54 = -13*a + 37. Let m(z) = 20*z**2 + 5*z - 8. Let b be m(-8). Suppose -a*w = -0*w - b. List the prime factors of w.
2, 11
List the prime factors of (-9)/(-24) - (-36241803)/632.
3, 5, 3823
Let i(u) = u**2 + 21*u - 2. Let b(f) = f + 1. Let q be b(4). List the prime factors of i(q).
2
What are the prime factors of (-2)/(348/(-286317)*3/2)?
1097
Let u be 2/(-1 - (-98)/96). Suppose 0 = -2*s - 4*x + 130, -3*s - 6*x + x = -195. List the prime factors of (u/20)/(-3)*s/(-2).
2, 13
Suppose 26227 - 48424 = -29*v + 115553. What are the prime factors of v?
2, 5, 19
Suppose 2*c - 236 = -68. Suppose 136*q - 140*q + c = 0. List the prime factors of q.
3, 7
Let u = 868 - -1779. List the prime factors of u.
2647
List the prime factors of 63/7 - (-9217 + (-2 - 0)).
2, 3, 769
Suppose -26 = -2*z + 1302. Let i = z - 334. Let s = i - 143. List the prime factors of s.
11, 17
Let h(a) = 37*a**2 - 15*a + 5 + 2*a**3 + 5 - 38*a**2. List the prime factors of h(4).
2, 31
Let h = 29 - 29. Suppose 3*l - 20 = -m, -5*l + 3*l + 5*m - 15 = h. Suppose l*d - 106 = -x - 2*x, 5*d = -2*x + 104. What are the prime factors of d?
2, 5
Let j = 2621 - -640. List the prime factors of j.
3, 1087
Let m be 45/60*2/(-6)*-268. Suppose -m*a + 23690 = -21*a. What are the prime factors of a?
5, 103
Let t be (11848/4 - -7) + -1. Suppose -4*q + 11*q - t = 0. What are the prime factors of q?
2, 53
Suppose 5 = 6*v - 5*v. Suppose v = 5*f, 78 + 68 = 3*s - f. Suppose 105 = l - s. What are the prime factors of l?
2, 7, 11
Suppose -18517 = -21*i + 2189. Let z = i - 463. What are the prime factors of z?
523
Let t = 17 + -155. List the prime factors of ((-170)/(-30))/((-2)/t).
17, 23
Suppose 3*s + 4*s - 14 = 0. Suppose s*z = -z. Suppose 0 = t - z - 17. List the prime factors of t.
17
Let b = 3925 - -20236. What are the prime factors of b?
37, 653
Let r(a) = -2*a**2 + 37*a - 46. Let i be r(17). Suppose i*t - 800 = 240. What are the prime factors of t?
2, 13
Let p = -3166 + 5796. Suppose 4*o = -3*b - 391 + p, -5*b + 3*o + 3751 = 0. List the prime factors of b.
7, 107
Let o(s) = 46*s**3 + 4*s**2 - 6*s + 4. Let c be o(2). Sup